posite number?
True
Is 5361 a prime number?
False
Is 541483 a prime number?
True
Is 787 a prime number?
True
Is 214495 a composite number?
True
Is 148747 prime?
True
Is 19301 a prime number?
True
Is 4155115 prime?
False
Is 94771 a composite number?
False
Is 12569 a prime number?
True
Is 9089 prime?
False
Is 919 composite?
False
Is 10617 composite?
True
Is 412741 composite?
True
Is 248361 composite?
True
Is 27123 a composite number?
True
Is 391 prime?
False
Is 59441 prime?
True
Is 13883 a prime number?
True
Is 5077 a composite number?
False
Is 5809 composite?
True
Is 865979 composite?
False
Is 28429 prime?
True
Is 349073 a composite number?
True
Is 19937 composite?
False
Is 33571 prime?
False
Is 68431 a composite number?
True
Is 719327 a composite number?
True
Is 926293 a composite number?
False
Is 125435 prime?
False
Is 33059 a composite number?
True
Is 15661 a composite number?
False
Is 728723 a composite number?
False
Is 953 a composite number?
False
Is 1270489 prime?
False
Is 10427 prime?
True
Is 28387 prime?
True
Is 1583 prime?
True
Is 43711 prime?
True
Is 9619 a composite number?
False
Is 1265821 a composite number?
True
Is 53101 composite?
False
Is 719 composite?
False
Is 679 composite?
True
Is 61223 composite?
False
Is 112997 prime?
True
Is 2473 composite?
False
Is 60251 a composite number?
False
Is 2759 a prime number?
False
Is 69421 a prime number?
False
Is 415241 a composite number?
True
Is 1174 composite?
True
Is 3953 prime?
False
Is 1513 a prime number?
False
Is 4073 composite?
False
Is 1395983 a composite number?
False
Is 145609 a composite number?
True
Is 16999 a prime number?
False
Is 288793 composite?
True
Is 255755 composite?
True
Is 10477 prime?
True
Is 45637 prime?
False
Is 296291 composite?
True
Is 168341 a composite number?
True
Is 499601 prime?
True
Is 5923 prime?
True
Is 96377 composite?
False
Is 35617 a composite number?
False
Is 497 composite?
True
Is 31051 composite?
False
Is 185057 prime?
True
Is 13105 prime?
False
Is 151735 prime?
False
Is 68671 a prime number?
False
Is 46489 a composite number?
False
Is 34403 prime?
True
Is 483407 a prime number?
True
Is 11369 a composite number?
False
Is 56273 a composite number?
True
Is 75239 prime?
True
Is 350269 a composite number?
True
Is 29398 a prime number?
False
Is 108907 a composite number?
False
Is 27043 a composite number?
False
Is 267469 prime?
True
Is 28789 a composite number?
False
Is 64393 a prime number?
False
Is 3907 a prime number?
True
Is 3183014 a composite number?
True
Is 22567 composite?
False
Is 20017 composite?
True
Is 258841 prime?
False
Is 781 prime?
False
Is 393847 a composite number?
False
Is 609043 composite?
False
Is 464119 prime?
True
Is 465873 a prime number?
False
Is 22613 a composite number?
False
Is 295819 a composite number?
False
Is 34841 prime?
True
Is 5383 a composite number?
True
Is 13367 composite?
False
Is 4289 composite?
False
Is 112754 composite?
True
Is 14501 composite?
True
Is 95429 prime?
True
Is 17783 a composite number?
False
Is 1459 prime?
True
Is 188169 composite?
True
Is 5971 composite?
True
Is 15578 a prime number?
False
Is 79481 composite?
False
Is 62273 prime?
True
Is 45861 prime?
False
Is 29221 composite?
False
Is 117958 composite?
True
Is 46049 composite?
False
Is 17363 a composite number?
True
Is 1257 composite?
True
Is 12439 composite?
True
Is 10219 prime?
False
Is 845431 a composite number?
False
Is 148573 composite?
False
Is 84603 a composite number?
True
Is 4533 a prime number?
False
Is 8791 composite?
True
Is 9935 prime?
False
Is 7597 composite?
True
Is 13885 prime?
False
Is 97961 composite?
False
Is 483907 a prime number?
True
Is 190387 composite?
False
Is 1137247 a composite number?
False
Is 32479 prime?
True
Is 518729 composite?
False
Is 2563 a composite number?
True
Is 537205 prime?
False
Is 9941 a prime number?
True
Is 13751 a composite number?
False
Is 787 composite?
False
Is 34973 a composite number?
True
Is 375665 a prime number?
False
Is 4681187 prime?
False
Is 3671 prime?
True
Is 6297 a prime number?
False
Is 45647 a prime number?
False
Is 65301 a prime number?
False
Is 151141 a composite number?
False
Is 177259 composite?
True
Is 557153 composite?
False
Is 243073 a prime number?
True
Is 7186 composite?
True
Is 2477 a composite number?
False
Is 164011 prime?
True
Is 3043 composite?
True
Is 311807 prime?
True
Is 29335 prime?
False
Is 22769 a prime number?
True
Is 324031 prime?
True
Is 353315 a prime number?
False
Is 21991 a prime number?
True
Is 205609 prime?
False
Is 5447 prime?
False
Is 1178347 a composite number?
False
Is 108707 composite?
False
Is 968039 composite?
True
Is 10007 prime?
True
Is 62479 prime?
False
Is 330622 a composite number?
True
Is 1855531 composite?
False
Is 164471 composite?
False
Is 123857 a prime number?
False
Is 30029 a composite number?
False
Is 19235 a prime number?
False
Is 39499 a prime number?
True
Is 41359 prime?
False
Is 7941 composite?
True
Is 904439 prime?
False
Is 2063 a prime number?
True
Is 264071 a prime number?
True
Is 32093 prime?
False
Is 52613 composite?
True
Is 59863 a prime number?
True
Is 141709 a composite number?
False
Is 4267 composite?
True
Is 2088199 a composite number?
False
Is 631 a prime number?
True
Is 26777 a composite number?
False
Is 1179167 composite?
True
Is 18539 a composite number?
False
Is 12403 prime?
False
Is 3359 a composite number?
False
Is 55761 a prime number?
False
Is 64097 composite?
True
Is 333097 a prime number?
True
Is 33917 a composite number?
True
Is 22229 a composite number?
False
Is 39341 prime?
True
Is 6197 a prime number?
True
Is 20021 prime?
True
Is 83089 a composite number?
False
Is 412633 a composite number?
True
Is 569703 a prime number?
False
Is 907 a composite number?
False
Is 198719 a prime number?
True
Is 4673 a prime number?
True
Is 1047539 a prime number?
True
Is 131143 composite?
False
Is 5923 composite?
False
Is 5753 a composite number?
True
Is 21059 a composite number?
False
Is 57747 composite?
True
Is 78049 composite?
False
Is 46261 prime?
True
Is 4573 a composite number?
True
Is 33241 prime?
False
Is 23513 composite?
True
Is 1507 prime?
False
Is 191021 composite?
False
Is 631 prime?
True
Is 10231 a composite number?
True
Is 367369 a composite number?
False
Is 5647 prime?
True
Is 4860399 a prime number?
False
Is 3119 a prime number?
True
Is 1550129 a composite number?
True
Is 39439 a composite number?
False
Is 3071669 composite?
False
Is 48701 prime?
False
Is 308761 composite?
False
Is 53283 a composite number?
True
Is 86767 a composite number?
False
Is 47239 a prime number?
False
Is 229094 a prime number?
False
Is 2402 prime?
False
Is 1847 a composite number?
False
Is 1985 prime?
False
Is 2179 composite?
False
Is 156077 prime?
False
Is 2771 composite?
True
Is 298799 prime?
True
Is 149 a prime number?
True
Is 967 prime?
True
Is 1817 composite?
True
Is 1177 composite?
True
Is 29629 prime?
True
Is 66319 a prime number?
False
Is 18337 prime?
False
Is 315833 a composite number?
True
Is 234047 a composite number?
True
Is 45607 composite?
True
Is 110681 composite?
False
Is 3071 composite?
True
Is 595211 a composite number?
True
Is 19531 a composite number?
False
Is 83081 a composite number?
True
Is 301787 a prime number?
False
Is 25163 a composite number?
False
Is 208189 a prime number?
True
Is 1315 prime?
False
Is 202934 a composite number?
True
Is 110609 a composite number?
False
Is 72591 prime?
False
Is 135917 prime?
False
Is 103159 a prime number?
False
Is 3103 a composite number?
True
Is 22394 prime?
False
Is 2073 composite?
True
Is 683 composite?
False
Is 97039 a prime number?
True
Is 3907 prime?
True
Is 1533397 prime?
True
Is 2647 a prime number?
True
Is 88333 prime?
False
Is 25391 a composite number?
False
Is 775987 composite?
False
Is 2179 prime?
True
Is 61521 a composite number?
True
Is 659 a prime number?
True
Is 462443 a composite number?
False
Is 35661 prime?
False
Is 98507 a composite number?
False
Is 35657 a prime number?
False
Is 767131 composite?
False
Is 39379 a composite number?
True
Is 68366 a composite number?
True
Is 18713 prime?
True
Is 29371 a composite number?
True
Is 78691 prime?
True
Is 7061 a prime number?
False
Is 63233 a prime number?
False
Is 7647 a prime number?
False
Is 14479 prime?
Tr